se
Is 413 a factor of 499549?
False
Does 34 divide 7027369?
False
Is 574 a factor of 18996?
False
Is 2413036 a multiple of 334?
False
Is 1335407 a multiple of 7?
False
Is 2225465 a multiple of 18?
False
Is 143 a factor of 397540?
True
Does 30 divide 5910?
True
Is 6826085 a multiple of 101?
True
Is 151 a factor of 4567297?
True
Is 11 a factor of 2247636?
False
Is 17 a factor of 1704148?
True
Does 1026 divide 485710?
False
Is 55501 a multiple of 233?
False
Is 10247420 a multiple of 703?
False
Is 11 a factor of 2572416?
True
Is 89172 a multiple of 4?
True
Is 11383932 a multiple of 354?
True
Is 132 a factor of 848892?
True
Is 216 a factor of 868574?
False
Is 40 a factor of 4018280?
True
Is 7 a factor of 73446?
False
Does 40 divide 273560?
True
Is 708624 a multiple of 111?
True
Is 431 a factor of 199152?
False
Is 550388 a multiple of 21?
False
Is 24046890 a multiple of 11?
False
Is 12928 a multiple of 144?
False
Does 296 divide 245680?
True
Is 162821 a multiple of 32?
False
Is 7010475 a multiple of 75?
True
Is 22 a factor of 1428950?
False
Does 5 divide 4418362?
False
Is 217526 a multiple of 17?
False
Is 9246 a multiple of 69?
True
Is 151008 a multiple of 363?
True
Is 113 a factor of 143962?
True
Is 280 a factor of 84603?
False
Is 12 a factor of 205014?
False
Is 10 a factor of 1284460?
True
Is 11 a factor of 26575725?
True
Is 81 a factor of 780010?
False
Is 84 a factor of 588540?
False
Is 74 a factor of 69338?
True
Is 173808 a multiple of 17?
True
Does 70 divide 27160?
True
Is 445445 a multiple of 55?
True
Does 140 divide 597520?
True
Does 6 divide 31749?
False
Does 64 divide 124253?
False
Does 63 divide 502677?
True
Does 27 divide 396279?
True
Is 125244 a multiple of 12?
True
Is 165 a factor of 1956394?
False
Is 88572 a multiple of 44?
True
Is 52 a factor of 37749?
False
Does 195 divide 326147?
False
Is 711 a factor of 4183000?
False
Is 29 a factor of 17316277?
True
Is 66 a factor of 474738?
True
Does 159 divide 102396?
True
Does 70 divide 214480?
True
Is 38 a factor of 1047450?
False
Is 4 a factor of 27180?
True
Is 22 a factor of 27742?
True
Is 424675 a multiple of 6?
False
Is 3119625 a multiple of 195?
False
Does 1025 divide 3110875?
True
Is 63 a factor of 954305?
False
Is 118 a factor of 630356?
True
Is 185547 a multiple of 35?
False
Is 208393 a multiple of 343?
False
Does 27 divide 606598?
False
Is 12 a factor of 3817260?
True
Is 786610 a multiple of 239?
False
Does 23 divide 2044861?
True
Does 145 divide 679716?
False
Is 1222 a multiple of 47?
True
Does 928 divide 2188224?
True
Is 5852802 a multiple of 789?
True
Is 746925 a multiple of 13?
False
Is 351775 a multiple of 4?
False
Is 23 a factor of 138046?
True
Is 2386517 a multiple of 59?
False
Does 392 divide 345829?
False
Is 303 a factor of 99046?
False
Is 35 a factor of 825460?
False
Is 20 a factor of 1038022?
False
Is 76674 a multiple of 115?
False
Is 4 a factor of 405674?
False
Is 6064344 a multiple of 468?
True
Is 29 a factor of 46966?
False
Does 10 divide 278170?
True
Is 168700 a multiple of 70?
True
Does 294 divide 319872?
True
Is 1132681 a multiple of 492?
False
Is 298355 a multiple of 18?
False
Is 50856 a multiple of 163?
True
Does 77 divide 1175833?
False
Is 322965 a multiple of 45?
True
Is 2065415 a multiple of 27?
False
Is 2243627 a multiple of 102?
False
Does 7 divide 595427?
True
Is 714948 a multiple of 13?
True
Is 220 a factor of 477749?
False
Is 74698 a multiple of 96?
False
Does 8 divide 65704?
True
Is 72 a factor of 68760?
True
Does 28 divide 2651976?
False
Is 5914374 a multiple of 172?
False
Is 870060 a multiple of 57?
False
Is 8 a factor of 6980?
False
Is 395209 a multiple of 177?
False
Is 12 a factor of 8137144?
False
Does 9 divide 3190626?
True
Does 3 divide 170561?
False
Is 48 a factor of 28128?
True
Is 80934 a multiple of 123?
True
Is 13 a factor of 70958?
False
Is 3431331 a multiple of 1337?
False
Is 903048 a multiple of 394?
True
Does 77 divide 142661?
False
Is 149 a factor of 916499?
True
Is 229 a factor of 96638?
True
Is 348 a factor of 1136916?
True
Is 1812317 a multiple of 11?
False
Is 123 a factor of 5988125?
False
Is 837356 a multiple of 33?
False
Is 165032 a multiple of 4?
True
Is 170667 a multiple of 9?
True
Is 9 a factor of 2094390?
True
Is 19 a factor of 6915088?
True
Is 3121536 a multiple of 147?
False
Is 70 a factor of 1524530?
True
Is 10 a factor of 4410700?
True
Is 173 a factor of 2760356?
False
Does 15 divide 480921?
False
Is 5384976 a multiple of 619?
False
Does 45 divide 1402695?
True
Is 79 a factor of 77234?
False
Does 106 divide 138542?
True
Is 673645 a multiple of 665?
True
Is 163 a factor of 65852?
True
Is 58 a factor of 2598875?
False
Is 536 a factor of 17616176?
True
Is 19460138 a multiple of 34?
True
Is 128 a factor of 76601?
False
Is 10 a factor of 42880?
True
Is 1380 a multiple of 92?
True
Is 230634 a multiple of 21?
False
Is 48 a factor of 144240?
True
Is 5 a factor of 371581?
False
Does 4 divide 1032977?
False
Does 21 divide 5122068?
True
Does 4 divide 75932?
True
Does 69 divide 2880546?
False
Is 88314 a multiple of 41?
True
Is 447532 a multiple of 173?
False
Is 755 a factor of 1038125?
True
Does 3 divide 326116?
False
Is 27 a factor of 14850?
True
Is 493 a factor of 996694?
False
Is 1052223 a multiple of 15?
False
Does 278 divide 7633009?
False
Does 12 divide 596472?
True
Does 63 divide 235179?
True
Is 2157228 a multiple of 186?
True
Is 2015072 a multiple of 44?
False
Does 15 divide 17779528?
False
Is 37 a factor of 1680059?
True
Is 10 a factor of 718270?
True
Does 1747 divide 18933637?
False
Is 42 a factor of 1624980?
True
Is 2386808 a multiple of 61?
True
Is 888277 a multiple of 22?
False
Does 3 divide 40011?
True
Is 29271 a multiple of 64?
False
Is 565 a factor of 3041960?
True
Is 268021 even?
False
Is 1842094 a multiple of 38?
False
Does 35 divide 14245?
True
Is 2085520 a multiple of 2?
True
Is 6082104 a multiple of 24?
True
Is 35 a factor of 325675?
True
Is 84 a factor of 344706?
False
Is 55 a factor of 603845?
True
Does 30 divide 8880510?
True
Is 374 a factor of 545292?
True
Is 23 a factor of 3397422?
True
Does 78 divide 514254?
True
Is 16239 a multiple of 692?
False
Does 165 divide 450531?
False
Is 5687 a multiple of 42?
False
Is 76 a factor of 881372?
True
Does 223 divide 605877?
False
Is 122 a factor of 49893?
False
Is 37638 a multiple of 102?
True
Does 475 divide 216600?
True
Does 85 divide 34680?
True
Is 333300 a multiple of 101?
True
Does 43 divide 1003233?
True
Is 7 a factor of 301469?
True
Is 99 a factor of 813879?
True
Is 343100 a multiple of 25?
True
Does 145 divide 4121963?
False
Is 288896 a multiple of 74?
True
Is 64 a factor of 10585792?
True
Is 12863344 a multiple of 26?
True
Is 19374680 a multiple of 95?
True
Is 2991360 a multiple of 384?
True
Does 343 divide 1755131?
True
Is 272615 a multiple of 18?
False
Does 22 divide 128254?
False
Is 206556 a multiple of 6?
True
Does 185 divide 653975?
True
Does 172 divide 2066957?
False
Is 1963970 a multiple of 115?
True
Does 107 divide 148397?
False
Does 542 divide 1170720?
True
Does 61 divide 13150011?
False
Is 168720 a multiple of 570?
True
Does 4 divide 532?
True
Does 7 divide 101884?
False
Is 407593 a multiple of 22?
False
Is 57 a factor of 183027?
True
Is 10 a factor of 174100?
True
Is 45708 a multiple of 12?
True
Does 13 divide 45549?
False
Does 53 divide 984581?
True
Does 54 divide 298080?
True
Is 66 a factor of 684090?
True
Does 17 divide 29434?
False
Is 21 a factor of 14293?
False
Is 348 a factor of 175392?
True
Is 13096 a multiple of 4?
True
Is 14 a factor of 1075163?
False
Is 76 a factor of 120293?
False
Does 13 divide 1136549?
False
Is 13 a factor of 112372?
True
Does 21 divide 157437?
True
Does 113 divide 532456?
True
Does 2 divide 381503?
False
Does 179 divide 34917?
False
Does 9 divide 9946962?
True
Is 278 a factor of 250756?
True
Is 96 a factor of 278880?
True
Is 21 a factor of 9999969?
True
Is 714679 a multiple of 23?
True
Is 138 a factor of 36098204?
False
Does 69 divide 210657?
True
Does 444 divide 3462312?
True
Does 35 divide 774550?
True
Is 493 a factor of 46824?
False
Does 30 divide 1087140?
True
Is 1050813 a multiple of 55?
False
Is 34160 a multiple of 32?
False
Is 2 a factor of 81605?
False
Does 145 divide 2442090?
True
Is 909957 a multiple of 1335?
F